are the prime factors of 53?
53
List the prime factors of 1241.
17, 73
What are the prime factors of 483?
3, 7, 23
What are the prime factors of 23222?
2, 17, 683
What are the prime factors of 7011?
3, 19, 41
What are the prime factors of 10587?
3, 3529
What are the prime factors of 1743?
3, 7, 83
List the prime factors of 1636.
2, 409
What are the prime factors of 12652?
2, 3163
What are the prime factors of 44764?
2, 19, 31
What are the prime factors of 861?
3, 7, 41
What are the prime factors of 7370?
2, 5, 11, 67
What are the prime factors of 6070?
2, 5, 607
What are the prime factors of 58769?
17, 3457
What are the prime factors of 1372?
2, 7
List the prime factors of 397.
397
List the prime factors of 9426.
2, 3, 1571
List the prime factors of 5098.
2, 2549
List the prime factors of 15510.
2, 3, 5, 11, 47
What are the prime factors of 595?
5, 7, 17
List the prime factors of 15122.
2, 7561
List the prime factors of 210.
2, 3, 5, 7
List the prime factors of 83148.
2, 3, 13, 41
List the prime factors of 1657.
1657
What are the prime factors of 8478?
2, 3, 157
List the prime factors of 1272.
2, 3, 53
List the prime factors of 3135.
3, 5, 11, 19
List the prime factors of 3785.
5, 757
What are the prime factors of 1106?
2, 7, 79
What are the prime factors of 13031?
83, 157
What are the prime factors of 5942?
2, 2971
What are the prime factors of 933?
3, 311
What are the prime factors of 1076?
2, 269
What are the prime factors of 2368?
2, 37
List the prime factors of 1033.
1033
List the prime factors of 88997.
88997
What are the prime factors of 20879?
20879
What are the prime factors of 1935?
3, 5, 43
What are the prime factors of 19?
19
What are the prime factors of 15116?
2, 3779
List the prime factors of 6393.
3, 2131
List the prime factors of 4130.
2, 5, 7, 59
What are the prime factors of 27382?
2, 13691
What are the prime factors of 2261?
7, 17, 19
What are the prime factors of 1279?
1279
List the prime factors of 8092.
2, 7, 17
List the prime factors of 6816.
2, 3, 71
What are the prime factors of 10989?
3, 11, 37
List the prime factors of 5769.
3, 641
List the prime factors of 1744.
2, 109
What are the prime factors of 3715?
5, 743
What are the prime factors of 9663?
3, 3221
List the prime factors of 4624.
2, 17
List the prime factors of 1483.
1483
What are the prime factors of 4768?
2, 149
What are the prime factors of 19216?
2, 1201
What are the prime factors of 11159?
11159
What are the prime factors of 1758?
2, 3, 293
What are the prime factors of 160465?
5, 67, 479
What are the prime factors of 9170?
2, 5, 7, 131
List the prime factors of 3884.
2, 971
List the prime factors of 1501.
19, 79
List the prime factors of 122.
2, 61
What are the prime factors of 29077?
29077
List the prime factors of 5781.
3, 41, 47
What are the prime factors of 8400?
2, 3, 5, 7
List the prime factors of 22795.
5, 47, 97
List the prime factors of 8981.
7, 1283
What are the prime factors of 1702?
2, 23, 37
What are the prime factors of 58018?
2, 29009
What are the prime factors of 75881?
13, 449
What are the prime factors of 15905?
5, 3181
What are the prime factors of 1102?
2, 19, 29
What are the prime factors of 26551?
7, 3793
List the prime factors of 1197.
3, 7, 19
List the prime factors of 2441.
2441
List the prime factors of 9102.
2, 3, 37, 41
List the prime factors of 3888.
2, 3
List the prime factors of 4264.
2, 13, 41
List the prime factors of 90012.
2, 3, 13, 577
What are the prime factors of 300?
2, 3, 5
What are the prime factors of 709?
709
List the prime factors of 10758.
2, 3, 11, 163
What are the prime factors of 27595?
5, 5519
List the prime factors of 1403.
23, 61
List the prime factors of 19863.
3, 2207
What are the prime factors of 239?
239
What are the prime factors of 3727?
3727
List the prime factors of 136769.
136769
What are the prime factors of 20171?
23, 877
What are the prime factors of 3439?
19, 181
List the prime factors of 1456.
2, 7, 13
What are the prime factors of 14437?
14437
List the prime factors of 14265.
3, 5, 317
What are the prime factors of 72847?
97, 751
List the prime factors of 4382.
2, 7, 313
List the prime factors of 3185.
5, 7, 13
List the prime factors of 2571.
3, 857
List the prime factors of 745.
5, 149
List the prime factors of 13568.
2, 53
List the prime factors of 73615.
5, 14723
What are the prime factors of 3987?
3, 443
What are the prime factors of 1170?
2, 3, 5, 13
List the prime factors of 18841.
83, 227
What are the prime factors of 708?
2, 3, 59
What are the prime factors of 674?
2, 337
List the prime factors of 888.
2, 3, 37
List the prime factors of 11720.
2, 5, 293
List the prime factors of 120.
2, 3, 5
List the prime factors of 1594.
2, 797
List the prime factors of 64.
2
What are the prime factors of 13502?
2, 43, 157
List the prime factors of 48246.
2, 3, 11, 17, 43
What are the prime factors of 5141?
53, 97
List the prime factors of 18158.
2, 7, 1297
What are the prime factors of 1988?
2, 7, 71
List the prime factors of 74277.
3, 7, 131
What are the prime factors of 11421?
3, 47
What are the prime factors of 27817?
27817
What are the prime factors of 58624?
2, 229
What are the prime factors of 45013?
45013
What are the prime factors of 2540?
2, 5, 127
What are the prime factors of 35082?
2, 3, 1949
List the prime factors of 7824.
2, 3, 163
List the prime factors of 31788.
2, 3, 883
List the prime factors of 3255.
3, 5, 7, 31
List the prime factors of 19494.
2, 3, 19
List the prime factors of 635.
5, 127
What are the prime factors of 753?
3, 251
List the prime factors of 1013.
1013
What are the prime factors of 4077?
3, 151
List the prime factors of 286.
2, 11, 13
What are the prime factors of 3963?
3, 1321
List the prime factors of 9726.
2, 3, 1621
List the prime factors of 1329.
3, 443
List the prime factors of 357.
3, 7, 17
What are the prime factors of 209?
11, 19
What are the prime factors of 99267?
3, 7, 29, 163
List the prime factors of 1094.
2, 547
What are the prime factors of 3319?
3319
List the prime factors of 5079.
3, 1693
What are the prime factors of 1119?
3, 373
What are the prime factors of 21244?
2, 47, 113
List the prime factors of 30866.
2, 11, 23, 61
List the prime factors of 9935.
5, 1987
What are the prime factors of 645?
3, 5, 43
List the prime factors of 8385.
3, 5, 13, 43
What are the prime factors of 17939?
17939
What are the prime factors of 10561?
59, 179
List the prime factors of 2170.
2, 5, 7, 31
What are the prime factors of 51605?
5, 10321
What are the prime factors of 1084?
2, 271
What are the prime factors of 13390?
2, 5, 13, 103
List the prime factors of 1891.
31, 61
List the prime factors of 30395.
5, 6079
What are the prime factors of 11348?
2, 2837
What are the prime factors of 94264?
2, 11783
List the prime factors of 3619.
7, 11, 47
What are the prime factors of 3321?
3, 41
List the prime factors of 7166.
2, 3583
List the prime factors of 30061.
23, 1307
List the prime factors of 9164.
2, 29, 79
What are the prime factors of 1025?
5, 41
What are the prime factors of 1540?
2, 5, 7, 11
What are the prime factors of 410?
2, 5, 41
List the prime factors of 3050.
2, 5, 61
List the prime factors of 37900.
2, 5, 379
What are the prime factors of 639?
3, 71
List the prime factors of 60014.
2, 37, 811
List the prime factors of 8450.
2, 5, 13
List the prime factors of 17595.
3, 5, 17, 23
What are the prime factors of 1213?
1213
List the prime factors of 24500.
2, 5, 7
What are the prime factors of 1204?
2, 7, 43
List the prime factors of 1087.
1087
What are the prime factors of 631?
631
List the prime factors of 737.
11, 67
List the prime factors of 16997.
23, 739
What are the prime factors of 1972?
2, 17, 29
List the prime factors of 11747.
17, 691
What are the prime factors of 2063?
2063
What are the prime factors of 18022?
2, 9011
List the prime factors of 4204.
2, 1051
What are the prime factors of 530?
2, 5, 53
List the prime factors of 1512.
2, 3, 7
List the prime factors of 16332.
2, 3, 1361
List the prime factors of 18429.
3, 6143
List the prime factors of 11877.
3, 37, 107
List the prime factors of 131033.
7, 18719
What are the prime factors of 33307?
19, 1753
What are the prime factors of 12183?
3, 31, 131
What are the prime factors of 17742?
2